{"id":1532,"date":"2025-01-28T00:25:15","date_gmt":"2025-01-28T00:25:15","guid":{"rendered":"https:\/\/www.igatumaquinas.com.br\/mahindra\/?page_id=1532"},"modified":"2025-03-06T02:51:12","modified_gmt":"2025-03-06T02:51:12","slug":"pecas-e-servicos","status":"publish","type":"page","link":"https:\/\/www.igatumaquinas.com.br\/mahindra\/pecas-e-servicos\/","title":{"rendered":"Pe\u00e7as e Servi\u00e7os"},"content":{"rendered":"\t\t<div data-elementor-type=\"wp-page\" data-elementor-id=\"1532\" class=\"elementor elementor-1532\" data-elementor-post-type=\"page\">\n\t\t\t\t<div class=\"elementor-element elementor-element-75da372 e-flex e-con-boxed e-con e-parent\" data-id=\"75da372\" data-element_type=\"container\" data-e-type=\"container\" data-settings=\"{&quot;background_background&quot;:&quot;classic&quot;}\">\n\t\t\t\t\t<div class=\"e-con-inner\">\n\t\t<div class=\"elementor-element elementor-element-399c3f7 e-con-full e-flex e-con e-child\" data-id=\"399c3f7\" data-element_type=\"container\" data-e-type=\"container\" data-settings=\"{&quot;background_background&quot;:&quot;classic&quot;}\">\n\t\t\t\t<div class=\"elementor-element elementor-element-d5e4d13 elementor-widget elementor-widget-heading\" data-id=\"d5e4d13\" data-element_type=\"widget\" data-e-type=\"widget\" data-widget_type=\"heading.default\">\n\t\t\t\t<div class=\"elementor-widget-container\">\n\t\t\t\t\t<h2 class=\"elementor-heading-title elementor-size-default\">P\u00f3s venda<\/h2>\t\t\t\t<\/div>\n\t\t\t\t<\/div>\n\t\t\t\t<\/div>\n\t\t\t\t\t<\/div>\n\t\t\t\t<\/div>\n\t\t<div class=\"elementor-element elementor-element-0a0da41 e-flex e-con-boxed e-con e-parent\" data-id=\"0a0da41\" data-element_type=\"container\" data-e-type=\"container\">\n\t\t\t\t\t<div class=\"e-con-inner\">\n\t\t\t\t<div class=\"elementor-element elementor-element-d2e2781 elementor-widget elementor-widget-text-editor\" data-id=\"d2e2781\" data-element_type=\"widget\" data-e-type=\"widget\" data-widget_type=\"text-editor.default\">\n\t\t\t\t<div class=\"elementor-widget-container\">\n\t\t\t\t\t\t\t\t\t<p>Os tratores Mahindra s\u00e3o fortes, robustos, econ\u00f4micos e de f\u00e1cil manuten\u00e7\u00e3o. Mesmo assim, pensando no melhor para nossos clientes oferecemos a maior garantia, pe\u00e7as genu\u00ednas e v\u00e1rias possibilidades de servi\u00e7os para que seu trator esteja sempre dispon\u00edvel para o trabalho.<\/p>\t\t\t\t\t\t\t\t<\/div>\n\t\t\t\t<\/div>\n\t\t\t\t<div class=\"elementor-element elementor-element-a37c6af elementor-widget elementor-widget-heading\" data-id=\"a37c6af\" data-element_type=\"widget\" data-e-type=\"widget\" data-widget_type=\"heading.default\">\n\t\t\t\t<div class=\"elementor-widget-container\">\n\t\t\t\t\t<h2 class=\"elementor-heading-title elementor-size-default\">\u201cA MAIOR GARANTIA DO MERCADO BRASILEIRO\u201d \u00b9, \u00b2<\/h2>\t\t\t\t<\/div>\n\t\t\t\t<\/div>\n\t\t\t\t<div class=\"elementor-element elementor-element-efb820a elementor-widget elementor-widget-text-editor\" data-id=\"efb820a\" data-element_type=\"widget\" data-e-type=\"widget\" data-widget_type=\"text-editor.default\">\n\t\t\t\t<div class=\"elementor-widget-container\">\n\t\t\t\t\t\t\t\t\t<div class=\"elementor-element elementor-element-e9b3eb9 elementor-widget elementor-widget-heading\" data-id=\"e9b3eb9\" data-element_type=\"widget\" data-widget_type=\"heading.default\"><div class=\"elementor-widget-container\">Todos os tratores comercializados pela Mahindra do Brasil, oferece a maior garantia do mercado brasileiro*<br \/><br \/><\/div><div class=\"elementor-widget-container\">Nosso setor de Garantia est\u00e1 totalmente integrado com o departamento de Engenharia e Qualidade. Acreditamos que, desta forma podemos proporcionar confian\u00e7a e agilidade para o produtor rural brasileiro.<br \/><br \/><\/div><\/div><div class=\"elementor-element elementor-element-d870d3b elementor-widget elementor-widget-text-editor\" data-id=\"d870d3b\" data-element_type=\"widget\" data-widget_type=\"text-editor.default\"><div class=\"elementor-widget-container\"><div class=\"elementor-text-editor elementor-clearfix\"><p>Para melhor usufruir desta garantia:<\/p><\/div><\/div><\/div>\t\t\t\t\t\t\t\t<\/div>\n\t\t\t\t<\/div>\n\t\t\t\t\t<\/div>\n\t\t\t\t<\/div>\n\t\t<div class=\"elementor-element elementor-element-e62824f e-grid e-con-boxed e-con e-parent\" data-id=\"e62824f\" data-element_type=\"container\" data-e-type=\"container\" data-settings=\"{&quot;background_background&quot;:&quot;classic&quot;}\">\n\t\t\t\t\t<div class=\"e-con-inner\">\n\t\t\t\t<div class=\"elementor-element elementor-element-1b8eb61 elementor-view-default elementor-position-block-start elementor-mobile-position-block-start elementor-widget elementor-widget-icon-box\" data-id=\"1b8eb61\" data-element_type=\"widget\" data-e-type=\"widget\" data-widget_type=\"icon-box.default\">\n\t\t\t\t<div class=\"elementor-widget-container\">\n\t\t\t\t\t\t\t<div class=\"elementor-icon-box-wrapper\">\n\n\t\t\t\t\t\t<div class=\"elementor-icon-box-icon\">\n\t\t\t\t<span  class=\"elementor-icon\">\n\t\t\t\t<svg aria-hidden=\"true\" class=\"e-font-icon-svg e-far-clock\" viewBox=\"0 0 512 512\" xmlns=\"http:\/\/www.w3.org\/2000\/svg\"><path d=\"M256 8C119 8 8 119 8 256s111 248 248 248 248-111 248-248S393 8 256 8zm0 448c-110.5 0-200-89.5-200-200S145.5 56 256 56s200 89.5 200 200-89.5 200-200 200zm61.8-104.4l-84.9-61.7c-3.1-2.3-4.9-5.9-4.9-9.7V116c0-6.6 5.4-12 12-12h32c6.6 0 12 5.4 12 12v141.7l66.8 48.6c5.4 3.9 6.5 11.4 2.6 16.8L334.6 349c-3.9 5.3-11.4 6.5-16.8 2.6z\"><\/path><\/svg>\t\t\t\t<\/span>\n\t\t\t<\/div>\n\t\t\t\n\t\t\t\t\t\t<div class=\"elementor-icon-box-content\">\n\n\t\t\t\t\n\t\t\t\t\t\t\t\t\t<p class=\"elementor-icon-box-description\">\n\t\t\t\t\t\tMantenha todas as revis\u00f5es em dia e realizadas pelo concession\u00e1rio\t\t\t\t\t<\/p>\n\t\t\t\t\n\t\t\t<\/div>\n\t\t\t\n\t\t<\/div>\n\t\t\t\t\t\t<\/div>\n\t\t\t\t<\/div>\n\t\t\t\t<div class=\"elementor-element elementor-element-3e86b2e elementor-view-default elementor-position-block-start elementor-mobile-position-block-start elementor-widget elementor-widget-icon-box\" data-id=\"3e86b2e\" data-element_type=\"widget\" data-e-type=\"widget\" data-widget_type=\"icon-box.default\">\n\t\t\t\t<div class=\"elementor-widget-container\">\n\t\t\t\t\t\t\t<div class=\"elementor-icon-box-wrapper\">\n\n\t\t\t\t\t\t<div class=\"elementor-icon-box-icon\">\n\t\t\t\t<span  class=\"elementor-icon\">\n\t\t\t\t<svg aria-hidden=\"true\" class=\"e-font-icon-svg e-fas-tractor\" viewBox=\"0 0 640 512\" xmlns=\"http:\/\/www.w3.org\/2000\/svg\"><path d=\"M528 336c-48.6 0-88 39.4-88 88s39.4 88 88 88 88-39.4 88-88-39.4-88-88-88zm0 112c-13.23 0-24-10.77-24-24s10.77-24 24-24 24 10.77 24 24-10.77 24-24 24zm80-288h-64v-40.2c0-14.12 4.7-27.76 13.15-38.84 4.42-5.8 3.55-14.06-1.32-19.49L534.2 37.3c-6.66-7.45-18.32-6.92-24.7.78C490.58 60.9 480 89.81 480 119.8V160H377.67L321.58 29.14A47.914 47.914 0 0 0 277.45 0H144c-26.47 0-48 21.53-48 48v146.52c-8.63-6.73-20.96-6.46-28.89 1.47L36 227.1c-8.59 8.59-8.59 22.52 0 31.11l5.06 5.06c-4.99 9.26-8.96 18.82-11.91 28.72H22c-12.15 0-22 9.85-22 22v44c0 12.15 9.85 22 22 22h7.14c2.96 9.91 6.92 19.46 11.91 28.73l-5.06 5.06c-8.59 8.59-8.59 22.52 0 31.11L67.1 476c8.59 8.59 22.52 8.59 31.11 0l5.06-5.06c9.26 4.99 18.82 8.96 28.72 11.91V490c0 12.15 9.85 22 22 22h44c12.15 0 22-9.85 22-22v-7.14c9.9-2.95 19.46-6.92 28.72-11.91l5.06 5.06c8.59 8.59 22.52 8.59 31.11 0l31.11-31.11c8.59-8.59 8.59-22.52 0-31.11l-5.06-5.06c4.99-9.26 8.96-18.82 11.91-28.72H330c12.15 0 22-9.85 22-22v-6h80.54c21.91-28.99 56.32-48 95.46-48 18.64 0 36.07 4.61 51.8 12.2l50.82-50.82c6-6 9.37-14.14 9.37-22.63V192c.01-17.67-14.32-32-31.99-32zM176 416c-44.18 0-80-35.82-80-80s35.82-80 80-80 80 35.82 80 80-35.82 80-80 80zm22-256h-38V64h106.89l41.15 96H198z\"><\/path><\/svg>\t\t\t\t<\/span>\n\t\t\t<\/div>\n\t\t\t\n\t\t\t\t\t\t<div class=\"elementor-icon-box-content\">\n\n\t\t\t\t\n\t\t\t\t\t\t\t\t\t<p class=\"elementor-icon-box-description\">\n\t\t\t\t\t\tUse somente pe\u00e7as Genu\u00ednas  Mahindra\t\t\t\t\t<\/p>\n\t\t\t\t\n\t\t\t<\/div>\n\t\t\t\n\t\t<\/div>\n\t\t\t\t\t\t<\/div>\n\t\t\t\t<\/div>\n\t\t\t\t<div class=\"elementor-element elementor-element-83dc428 elementor-view-default elementor-position-block-start elementor-mobile-position-block-start elementor-widget elementor-widget-icon-box\" data-id=\"83dc428\" data-element_type=\"widget\" data-e-type=\"widget\" data-widget_type=\"icon-box.default\">\n\t\t\t\t<div class=\"elementor-widget-container\">\n\t\t\t\t\t\t\t<div class=\"elementor-icon-box-wrapper\">\n\n\t\t\t\t\t\t<div class=\"elementor-icon-box-icon\">\n\t\t\t\t<span  class=\"elementor-icon\">\n\t\t\t\t<svg aria-hidden=\"true\" class=\"e-font-icon-svg e-fas-book-open\" viewBox=\"0 0 576 512\" xmlns=\"http:\/\/www.w3.org\/2000\/svg\"><path d=\"M542.22 32.05c-54.8 3.11-163.72 14.43-230.96 55.59-4.64 2.84-7.27 7.89-7.27 13.17v363.87c0 11.55 12.63 18.85 23.28 13.49 69.18-34.82 169.23-44.32 218.7-46.92 16.89-.89 30.02-14.43 30.02-30.66V62.75c.01-17.71-15.35-31.74-33.77-30.7zM264.73 87.64C197.5 46.48 88.58 35.17 33.78 32.05 15.36 31.01 0 45.04 0 62.75V400.6c0 16.24 13.13 29.78 30.02 30.66 49.49 2.6 149.59 12.11 218.77 46.95 10.62 5.35 23.21-1.94 23.21-13.46V100.63c0-5.29-2.62-10.14-7.27-12.99z\"><\/path><\/svg>\t\t\t\t<\/span>\n\t\t\t<\/div>\n\t\t\t\n\t\t\t\t\t\t<div class=\"elementor-icon-box-content\">\n\n\t\t\t\t\n\t\t\t\t\t\t\t\t\t<p class=\"elementor-icon-box-description\">\n\t\t\t\t\t\tLeia os Manuais para o melhor aproveitamento\t\t\t\t\t<\/p>\n\t\t\t\t\n\t\t\t<\/div>\n\t\t\t\n\t\t<\/div>\n\t\t\t\t\t\t<\/div>\n\t\t\t\t<\/div>\n\t\t\t\t\t<\/div>\n\t\t\t\t<\/div>\n\t\t<div class=\"elementor-element elementor-element-c1ecee9 e-flex e-con-boxed e-con e-parent\" data-id=\"c1ecee9\" data-element_type=\"container\" data-e-type=\"container\" data-settings=\"{&quot;background_background&quot;:&quot;classic&quot;}\">\n\t\t\t\t\t<div class=\"e-con-inner\">\n\t\t\t\t<div class=\"elementor-element elementor-element-75c74d5 elementor-widget elementor-widget-text-editor\" data-id=\"75c74d5\" data-element_type=\"widget\" data-e-type=\"widget\" data-widget_type=\"text-editor.default\">\n\t\t\t\t<div class=\"elementor-widget-container\">\n\t\t\t\t\t\t\t\t\t<p>*CONSULTE CONDI\u00c7\u00d5ES. O prazo de 5 (cinco) anos (ou 3.000 horas) se destina exclusivamente ao trem de for\u00e7a (motor, transmiss\u00e3o e eixo traseiro). A Garantia de 5 (cinco) anos n\u00e3o \u00e9 aplicada \u00e0s licita\u00e7\u00f5es.<\/p>\t\t\t\t\t\t\t\t<\/div>\n\t\t\t\t<\/div>\n\t\t\t\t\t<\/div>\n\t\t\t\t<\/div>\n\t\t<div class=\"elementor-element elementor-element-14560ce e-flex e-con-boxed e-con e-parent\" data-id=\"14560ce\" data-element_type=\"container\" data-e-type=\"container\">\n\t\t\t\t\t<div class=\"e-con-inner\">\n\t\t\t\t<div class=\"elementor-element elementor-element-1d5dd4c elementor-widget elementor-widget-heading\" data-id=\"1d5dd4c\" data-element_type=\"widget\" data-e-type=\"widget\" data-widget_type=\"heading.default\">\n\t\t\t\t<div class=\"elementor-widget-container\">\n\t\t\t\t\t<h2 class=\"elementor-heading-title elementor-size-default\">pe\u00e7as genu\u00ednas<\/h2>\t\t\t\t<\/div>\n\t\t\t\t<\/div>\n\t\t\t\t<div class=\"elementor-element elementor-element-fd4751f elementor-widget elementor-widget-text-editor\" data-id=\"fd4751f\" data-element_type=\"widget\" data-e-type=\"widget\" data-widget_type=\"text-editor.default\">\n\t\t\t\t<div class=\"elementor-widget-container\">\n\t\t\t\t\t\t\t\t\t<div class=\"elementor-element elementor-element-e9b3eb9 elementor-widget elementor-widget-heading\" data-id=\"e9b3eb9\" data-element_type=\"widget\" data-widget_type=\"heading.default\"><div class=\"elementor-widget-container\"><p>A rede de concession\u00e1rias Mahindra est\u00e1 pronta para atender os clientes com pe\u00e7as originais e com todos outros componentes utilizados em nossos tratores. Estes itens obedecem \u00e0 rigorosos crit\u00e9rios de qualidade e foram desenvolvidos para que seu trator esteja sempre dispon\u00edvel para o trabalho di\u00e1rio. Durante o per\u00edodo de garantia do trator ou fora dele, utilize sempre pe\u00e7as genu\u00ednas Mahindra e garanta o melhor desempenho e durabilidade da sua m\u00e1quina.<\/p><p>O estoque de pe\u00e7as est\u00e1 localizado em nossa f\u00e1brica em Dois Irm\u00e3os\/RS, proporcionando assim maior agilidade na organiza\u00e7\u00e3o e efici\u00eancia na distribui\u00e7\u00e3o para todo territ\u00f3rio nacional.<\/p><p>As aut\u00eanticas pe\u00e7as Mahindra possuem garantia de f\u00e1brica de 6 meses.<\/p><\/div><\/div>\t\t\t\t\t\t\t\t<\/div>\n\t\t\t\t<\/div>\n\t\t\t\t<div class=\"elementor-element elementor-element-8567d63 elementor-widget elementor-widget-heading\" data-id=\"8567d63\" data-element_type=\"widget\" data-e-type=\"widget\" data-widget_type=\"heading.default\">\n\t\t\t\t<div class=\"elementor-widget-container\">\n\t\t\t\t\t<h2 class=\"elementor-heading-title elementor-size-default\">treinamentos<\/h2>\t\t\t\t<\/div>\n\t\t\t\t<\/div>\n\t\t\t\t<div class=\"elementor-element elementor-element-6c744b8 elementor-widget elementor-widget-text-editor\" data-id=\"6c744b8\" data-element_type=\"widget\" data-e-type=\"widget\" data-widget_type=\"text-editor.default\">\n\t\t\t\t<div class=\"elementor-widget-container\">\n\t\t\t\t\t\t\t\t\t<p>Todos os profissionais de p\u00f3s-vendas s\u00e3o treinados pela f\u00e1brica e a prioridade \u00e9 certificar que, os t\u00e9cnicos que prestam atendimento aos clientes estejam sempre atualizados e capacitados para executar qualquer tipo de servi\u00e7o com seguran\u00e7a e agilidade. Nossa metodologia prioriza o conhecimento e a qualifica\u00e7\u00e3o de forma pr\u00e1tica e eficiente.<\/p>\t\t\t\t\t\t\t\t<\/div>\n\t\t\t\t<\/div>\n\t\t\t\t<div class=\"elementor-element elementor-element-1129a43 elementor-widget elementor-widget-heading\" data-id=\"1129a43\" data-element_type=\"widget\" data-e-type=\"widget\" data-widget_type=\"heading.default\">\n\t\t\t\t<div class=\"elementor-widget-container\">\n\t\t\t\t\t<h2 class=\"elementor-heading-title elementor-size-default\">\u00b9, \u00b2 Consulte condi\u00e7\u00f5es:<\/h2>\t\t\t\t<\/div>\n\t\t\t\t<\/div>\n\t\t\t\t<div class=\"elementor-element elementor-element-28f07cb elementor-widget elementor-widget-text-editor\" data-id=\"28f07cb\" data-element_type=\"widget\" data-e-type=\"widget\" data-widget_type=\"text-editor.default\">\n\t\t\t\t<div class=\"elementor-widget-container\">\n\t\t\t\t\t\t\t\t\t<div class=\"elementor-element elementor-element-e9b3eb9 elementor-widget elementor-widget-heading\" data-id=\"e9b3eb9\" data-element_type=\"widget\" data-widget_type=\"heading.default\"><div class=\"elementor-widget-container\"><ol><li>A garantia dos tratores Mahindra equipados com motor Mahindra e pot\u00eancia de 25CV \u00e0 95CV \u00e9 de 05 anos ou 3000 horas (prevalecendo o que ocorrer primeiro) para\u00a0MOTOR, TRANSMISS\u00c3O E EIXO TRASEIRO\u00a0e de 02 anos ou 2000 horas (prevalecendo o que ocorrer primeiro) para defeitos de fabrica\u00e7\u00e3o e montagem, considerando a data de entrega constante no Certificado de Garantia. Os termos acima mencionados n\u00e3o se aplicam para tratores faturados e entregues na modalidade licita\u00e7\u00f5es eletr\u00f4nicas ou presenciais, vendas para loca\u00e7\u00f5es, vendas para governo e aplica\u00e7\u00f5es sulco alcooleiro e florestal. Para estas modalidades a Garantia do trator ser\u00e1 de 01 ano ou 1200 horas (prevalecendo o que ocorrer primeiro), e somente ser\u00e1 validado mediante comprova\u00e7\u00e3o das manuten\u00e7\u00f5es feitas em concession\u00e1ria autorizada Mahindra e utilizando Pe\u00e7as Genu\u00ednas Mahindra.<\/li><li>Tratores de 110CV ou acima contemplam 2 anos de garantia ou 1.500h exclusivo para trem de for\u00e7a:\u00a0MOTOR, TRANSMISS\u00c3O e EIXO TRASEIRO.\u00a0 Prevalecendo o que ocorrer primeiro. Esta cobertura n\u00e3o se aplica \u00e0 tratores vendidos em licita\u00e7\u00f5es, preg\u00e3o eletr\u00f4nico ou presencial ou venda governo. Para itens perif\u00e9ricos do motor, plataforma, cabine, componentes el\u00e9tricos ou componentes rotativos consulte condi\u00e7\u00f5es.<\/li><li>A garantia dos tratores Mahindra equipados com motor\u00a0PERKINS\u00a0e pot\u00eancia de 76HP e 110CV \u00e9 de 02 anos ou 1500 horas (prevalecendo o que ocorrer primeiro), considerando a data de entrega constante no Certificado de Garantia. Os termos acima mencionados n\u00e3o se aplicam para tratores faturados e entregues na modalidade licita\u00e7\u00f5es eletr\u00f4nicas ou presenciais, vendas para loca\u00e7\u00f5es, vendas para governo e aplica\u00e7\u00f5es sulcroalcooleiro e florestal. Para estas modalidades a Garantia do trator ser\u00e1 de 01 ano ou 1000 horas (prevalecendo o que ocorrer primeiro), e somente ser\u00e1 validado mediante comprova\u00e7\u00e3o das manuten\u00e7\u00f5es feitas em concession\u00e1ria autorizada Mahindra, e utilizando Pe\u00e7as Genu\u00ednas Mahindra.<\/li><\/ol><div>\u00a0<\/div><div><div>Para usufruir de todos os benef\u00edcios da garantia dos tratores Mahindra \u00e9 MANDAT\u00d3RIO que o propriet\u00e1rio fa\u00e7a TODAS AS REVIS\u00d5ES em um Concession\u00e1rio Mahindra, aplicando Pe\u00e7as Genu\u00ednas Mahindra e seguir rigorosamente todos os per\u00edodos de revis\u00f5es informados no manual que acompanha o produto.<\/div><\/div><\/div><\/div>\t\t\t\t\t\t\t\t<\/div>\n\t\t\t\t<\/div>\n\t\t\t\t\t<\/div>\n\t\t\t\t<\/div>\n\t\t\t\t<\/div>\n\t\t","protected":false},"excerpt":{"rendered":"<p>P\u00f3s venda Os tratores Mahindra s\u00e3o fortes, robustos, econ\u00f4micos e de f\u00e1cil manuten\u00e7\u00e3o. Mesmo assim, pensando no melhor para nossos clientes oferecemos a maior garantia, pe\u00e7as genu\u00ednas e v\u00e1rias possibilidades de servi\u00e7os para que seu trator esteja sempre dispon\u00edvel para o trabalho. \u201cA MAIOR GARANTIA DO MERCADO BRASILEIRO\u201d \u00b9, \u00b2 Todos os tratores comercializados pela [&hellip;]<\/p>\n","protected":false},"author":2,"featured_media":0,"parent":0,"menu_order":0,"comment_status":"closed","ping_status":"closed","template":"elementor_header_footer","meta":{"footnotes":""},"class_list":["post-1532","page","type-page","status-publish","hentry"],"_links":{"self":[{"href":"https:\/\/www.igatumaquinas.com.br\/mahindra\/wp-json\/wp\/v2\/pages\/1532","targetHints":{"allow":["GET"]}}],"collection":[{"href":"https:\/\/www.igatumaquinas.com.br\/mahindra\/wp-json\/wp\/v2\/pages"}],"about":[{"href":"https:\/\/www.igatumaquinas.com.br\/mahindra\/wp-json\/wp\/v2\/types\/page"}],"author":[{"embeddable":true,"href":"https:\/\/www.igatumaquinas.com.br\/mahindra\/wp-json\/wp\/v2\/users\/2"}],"replies":[{"embeddable":true,"href":"https:\/\/www.igatumaquinas.com.br\/mahindra\/wp-json\/wp\/v2\/comments?post=1532"}],"version-history":[{"count":25,"href":"https:\/\/www.igatumaquinas.com.br\/mahindra\/wp-json\/wp\/v2\/pages\/1532\/revisions"}],"predecessor-version":[{"id":7975,"href":"https:\/\/www.igatumaquinas.com.br\/mahindra\/wp-json\/wp\/v2\/pages\/1532\/revisions\/7975"}],"wp:attachment":[{"href":"https:\/\/www.igatumaquinas.com.br\/mahindra\/wp-json\/wp\/v2\/media?parent=1532"}],"curies":[{"name":"wp","href":"https:\/\/api.w.org\/{rel}","templated":true}]}}